digit of 1316728041?
1
What is the millions digit of 599568602?
9
What is the hundred thousands digit of 1073685148?
6
What is the ten millions digit of 1814014312?
1
What is the units digit of 1515758404?
4
What is the units digit of 1058129601?
1
What is the tens digit of 73231599?
9
What is the millions digit of 452344605?
2
What is the thousands digit of 452673219?
3
What is the millions digit of 294478655?
4
What is the tens digit of 28612181?
8
What is the hundreds digit of 2729322287?
2
What is the tens digit of 1285265197?
9
What is the tens digit of 989792185?
8
What is the hundreds digit of 3827134602?
6
What is the hundred thousands digit of 49476948?
4
What is the ten millions digit of 30181055?
3
What is the ten thousands digit of 844661417?
6
What is the tens digit of 2278068578?
7
What is the ten thousands digit of 43848192?
4
What is the hundreds digit of 11496974?
9
What is the units digit of 429027186?
6
What is the ten millions digit of 148516532?
4
What is the tens digit of 240927201?
0
What is the ten millions digit of 99048646?
9
What is the hundred millions digit of 1455884740?
4
What is the hundreds digit of 98746468?
4
What is the thousands digit of 502421784?
1
What is the hundred thousands digit of 33611020?
6
What is the hundred thousands digit of 835189798?
1
What is the hundred millions digit of 765818004?
7
What is the hundred thousands digit of 158538769?
5
What is the hundred thousands digit of 184997530?
9
What is the thousands digit of 1719474345?
4
What is the tens digit of 178091831?
3
What is the ten thousands digit of 74539588?
3
What is the millions digit of 5102161168?
2
What is the thousands digit of 45156503?
6
What is the hundred millions digit of 895419162?
8
What is the units digit of 641598813?
3
What is the units digit of 34300397?
7
What is the units digit of 453833609?
9
What is the units digit of 6324967087?
7
What is the tens digit of 1071404422?
2
What is the hundreds digit of 202842388?
3
What is the thousands digit of 610173974?
3
What is the hundred thousands digit of 3016182494?
1
What is the ten millions digit of 662502376?
6
What is the hundreds digit of 451504649?
6
What is the hundreds digit of 21684535?
5
What is the thousands digit of 342283208?
3
What is the tens digit of 111433388?
8
What is the ten millions digit of 57318822?
5
What is the thousands digit of 27340749?
0
What is the thousands digit of 16799128?
9
What is the tens digit of 844769227?
2
What is the ten thousands digit of 1381715364?
1
What is the millions digit of 908377265?
8
What is the thousands digit of 565262171?
2
What is the thousands digit of 308812564?
2
What is the hundreds digit of 1027567255?
2
What is the ten thousands digit of 115264662?
6
What is the hundred millions digit of 126123012?
1
What is the millions digit of 147577062?
7
What is the hundred millions digit of 146937903?
1
What is the ten thousands digit of 29292699?
9
What is the hundred millions digit of 154937380?
1
What is the thousands digit of 58011029?
1
What is the units digit of 216132993?
3
What is the ten millions digit of 951972501?
5
What is the ten millions digit of 2382797947?
8
What is the ten millions digit of 466054159?
6
What is the units digit of 471118868?
8
What is the hundred thousands digit of 216685142?
6
What is the millions digit of 248903562?
8
What is the tens digit of 271568434?
3
What is the thousands digit of 2291422788?
2
What is the hundred millions digit of 884009169?
8
What is the hundreds digit of 209299070?
0
What is the units digit of 57542294?
4
What is the ten millions digit of 27927583?
2
What is the hundred thousands digit of 356512073?
5
What is the thousands digit of 5856076725?
6
What is the ten thousands digit of 38381015?
8
What is the units digit of 5564326275?
5
What is the ten thousands digit of 5756733?
5
What is the millions digit of 978894398?
8
What is the ten millions digit of 71779251?
7
What is the tens digit of 115103731?
3
What is the ten thousands digit of 1773859282?
5
What is the ten thousands digit of 41584876?
8
What is the hundreds digit of 1236080705?
7
What is the units digit of 30879128?
8
What is the thousands digit of 33589426?
9
What is the thousands digit of 838400889?
0
What is the millions digit of 2579342447?
9
What is the tens digit of 525728576?
7
What is the ten millions digit of 600381366?
0
What is the ten thousands digit of 3535250263?
5
What is the units digit of 283150815?
5
What is the ten millions digit of 124852729?
2
What is the millions digit of 65337612?
5
What is the hundred thousands digit of 267944926?
9
What is the thousands digit of 6002635?
2
What is the hundred millions digit of 977350900?
9
What is the hundred thousands digit of 34736675?
7
What is the tens digit of 246523978?
7
What is the ten thousands digit of 115816169?
1
What is the hundred thousands digit of 378007300?
0
What is the ten thousands digit of 291397885?
9
What is the tens digit of 148687668?
6
What is the hundred thousands digit of 3856621604?
6
What is the hundred thousands digit of 5273655000?
6
What is the hundred millions digit of 1373413722?
3
What is the units digit of 13357487?
7
What is the hundred thousands digit of 747686298?
6
What is the hundreds digit of 202978982?
9
What is the thousands digit of 1805659294?
9
What is the thousands digit of 55144442?
4
What is the units digit of 113392263?
3
What is the tens digit of 1084371468?
6
What is the ten thousands digit of 796362161?
6
What is the hundred thousands digit of 82356187?
3
What is the hundred thousands digit of 3116690365?
6
What is the thousands digit of 109179761?
9
What is the tens digit of 245705066?
6
What is the ten thousands digit of 561670256?
7
What is the millions digit of 212941329?
2
What is the millions digit of 1689772516?
9
What is the ten thousands digit of 2239556277?
5
What is the billions digit of 3058667712?
3
What is the hundred thousands digit of 2122512215?
5
What is the thousands digit of 131258508?
8
What is the hundred thousands digit of 4515283?
5
What is the units digit of 6774333566?
6
What is the ten millions digit of 818830305?
1
What is the ten millions digit of 426890366?
2
What is the units digit of 242896042?
2
What is the units digit of 28002963?
3
What is the units digit of 138792127?
7
What is the tens digit of 4482179947?
4
What is the hundreds digit of 24904127?
1
What is the units digit of 119299117?
7
What is the millions digit of 214938194?
4
What is the ten millions digit of 5869635905?
6
What is the ten thousands digit of 4324599?
2
What is the ten millions digit of 2572136650?
7
What is the ten millions digit of 92580787?
9
What is the billions digit of 5279082559?
5
What is the tens digit of 159613162?
6
What is the ten thousands digit of 4000503863?
0
What is the billions digit of 2055066102?
2
What is the tens digit of 23564704?
0
What is the tens digit of 93962655?
5
What is the ten thousands digit of 44465341?
6
What is the units digit of 669500132?
2
What is the hundred millions digit of 203288742?
2
What is the hundred thousands digit of 2048102?
0
What is the units digit of 136210564?
4
What is the hundred thousands digit of 4532793768?
7
What is the units digit of 850050475?
5
What is the ten millions digit of 447406493?
4
What is the units digit of 585714329?
9
What is the thousands digit of 610864190?
4
What is the millions digit of 9234982?
9
What is the thousands digit of 306538254?
8
What is the hundreds digit of 38173590?
5
What is the thousands digit of 340378558?
8
What is the hundred millions digit of 215128615?
2
What is the hundreds digit of 552730324?
3
What is the units digit of 145172134?
4
What is the tens digit of 149256162?
6
What is the hundred millions digit of 3655749720?
6
What is the millions digit of 515797491?
5
What is the hundreds digit of 200867957?
9
What is the hundred thousands digit of 564018670?
0
What is the hundred thousands digit of 298048?
2
What is the ten millions digit of 59736759?
5
What is the units digit of 539557299?
9
What is the hundreds digit of 13077788?
7
What is the hundred thousands digit of 2211774125?
7
What is the ten millions digit of 19725376?
1
What is the hundreds digit of 79717558?
5
What is t